16 + 216. Calculate the remainder when 984 is divided by q.
72
Let g = 53 - 51. Suppose -52 = -g*d - 3*n + 4*n, -20 = -5*n. What is the remainder when 108 is divided by d?
24
Let x(i) = 14*i**2 + 227*i - 85. Calculate the remainder when x(-19) is divided by 123.
41
Suppose -13*f + 2146 = -246. Calculate the remainder when f is divided by 59.
7
Let n = 7990 - 7916. Let d = -13 - -43. Calculate the remainder when n is divided by d.
14
Let f = -1783 + 1821. Calculate the remainder when 2581 is divided by f.
35
Suppose -172*z = -176*z - 2*l + 5456, -3*l + 4095 = 3*z. What is the remainder when z is divided by 39?
37
Suppose -3*y - 3*y = -696. Suppose y - 108 = 2*f. Suppose f*m = 174 - 74. What is the remainder when 48 is divided by m?
23
Suppose 2*t + 4*h = 6292, 4*t - 906*h + 908*h = 12566. What is the remainder when t is divided by 9?
8
Let v(c) = 32*c - 2078. Calculate the remainder when 2785 is divided by v(66).
31
Let l(n) = n**3 - 3*n**2 - 2*n + 8. Let a be l(3). Suppose 10*x = a*x + 80. Calculate the remainder when 37 + (-3 - (-4 + 0)) is divided by x.
8
Let x(b) = -b + 9. Let u be x(7). Suppose 2*p + 2*k - 130 = 0, 0 = -u*p - 3*k + 2*k + 131. Calculate the remainder when p is divided by 22 - 21/14*4/(-6).
20
Suppose -5*z + 6*z = -2*c + 158, z - 238 = -3*c. Suppose -c = -2*j - 24. What is the remainder when j is divided by 18?
10
Suppose -1761 - 325 = -152*o + 4146. Calculate the remainder when o is divided by (1 + 0)/(4/20).
1
Let o = -7723 - -8741. What is the remainder when o is divided by 94?
78
Calculate the remainder when 875 is divided by (51/(-34))/(3*2/(-1228)).
261
Let v be ((-528)/(-40))/(2/5). Let j = v - -76. Suppose -68 = -3*q + j. What is the remainder when q is divided by 20?
19
Suppose -c + 48 = -33. Let w = -93340 + 93354. Calculate the remainder when c is divided by w.
11
Let n = -16571 + 16981. What is the remainder when 1240 is divided by n?
10
Let d(r) = -36*r + 22. Let n be d(4). Let k = -105 - n. What is the remainder when k is divided by 4?
1
Let g = 368 - 366. Suppose 55 - 19 = g*i. Let x(k) = 2*k**3 + 5*k**2 - 3*k - 4. What is the remainder when x(3) is divided by i?
14
Suppose -c + 59 + 63 = 2*i, 0 = -5*i - c + 308. Calculate the remainder when (i/5)/((-2)/(-20)) is divided by 14.
12
Suppose 53 - 876 = -15*a - 103. Calculate the remainder when 513 is divided by a.
33
Let v be 6 - 3/((-3)/2). Let b(a) = 35*a - 209. Let s be b(6). Calculate the remainder when 9 is divided by s - v/(2/(-1)).
4
What is the remainder when (-57526)/(-784) - 18/48 is divided by (-1 + 3)/((-10)/(-355))?
2
Suppose 0 = -16*j + 20*j - 36. Suppose d + 4*v - 59 = j, -d = -v - 78. What is the remainder when d is divided by 20?
16
Let h(b) = -11*b**2 - 142*b + 31. What is the remainder when 32 - -5*3/(-5) is divided by h(-13)?
11
Suppose 12*t - 561 = 327. Calculate the remainder when t is divided by 5.
4
Suppose -340 = -4*a - 4*o, 2*a - o - 3*o = 158. Suppose 14*t + 3*l = 10*t + 190, 4*l + 222 = 5*t. What is the remainder when a is divided by t?
37
Let u(o) = 3*o**2 + 40*o + 141. Suppose -5*f + b + 167 + 159 = 0, -f + 5*b + 46 = 0. Let s = f + -46. Calculate the remainder when s is divided by u(-7).
4
Let u(y) = -y**3 + y**2 + 9*y + 7. Let c be u(-5). Suppose 106*g + 90 = c*g. Calculate the remainder when 27 is divided by g.
12
Let n = 1192 + -1174. Let o be 2/8 - (-6)/8. Calculate the remainder when (-1917)/(-36) + o/(-4) is divided by n.
17
Suppose 2*h - 3*j - 8 = 6, -5*j = 2*h + 2. Suppose 0*v - 4*v = -h*x - 52, -5*x = -10. Calculate the remainder when 119/2 + (-1)/2 is divided by v.
14
Let d(q) = q**2 - 16*q - 1192. What is the remainder when d(-31) is divided by 118?
29
Let l = -47 + -411. Let u = 561 + l. Calculate the remainder when u is divided by 21.
19
Suppose 158 = 3*d + 2*g, 0 = -111*g + 116*g - 20. Calculate the remainder when 1496 is divided by d.
46
Let z(f) = -f**3 - 9*f**2 - 8*f - 3. Let k be z(-8). What is the remainder when 98 is divided by 12*3 - (k + (2 - -4))?
32
Let z(m) = -318*m - 8462. Calculate the remainder when z(-27) is divided by 68.
56
Suppose 4*t = 14 + 34. What is the remainder when -5 + -1 - 14/(182/(-1937)) is divided by t?
11
Suppose -6 = 23*j - 25*j. Suppose -3*o - 14 = -m, -2*m - j*o - 29 = -102. Calculate the remainder when 722 is divided by m.
26
Let w(r) = -17*r - 20. Suppose 60*j = 65*j + 35. What is the remainder when w(j) is divided by 23?
7
Suppose -62*t + 67*t = 0. Suppose 10*n = 7*n - 3, v + 2*n - 57 = t. Calculate the remainder when v is divided by 10.
9
Let h(z) be the second derivative of 0 + 5/12*z**4 - 2/3*z**3 + 2*z - 5/2*z**2. What is the remainder when 49 is divided by h(-1)?
1
Let z(o) = -155*o - 569. Suppose 5*m - 8*m + 45 = 0. Calculate the remainder when z(-4) is divided by m.
6
Suppose 3*q - 88 = -r, -2*q + 3*r - 869 + 946 = 0. What is the remainder when 801 is divided by q?
26
Suppose 21*m + 7*m = 342 + 22. What is the remainder when 19692 is divided by m?
10
Let a(v) = -2*v**2 - 37*v + 32. Calculate the remainder when 587 is divided by a(-18).
37
Suppose -4*l - 52 - 160 = -3*k, 3*l + 292 = 4*k. Suppose k = 6*n - 38. Suppose 21*i = 16*i + 660. Calculate the remainder when i is divided by n.
18
Let b(m) = 32*m**3 + 5*m**2 + m + 18. Calculate the remainder when b(3) is divided by 87.
60
Suppose 6*p - 59*x = -60*x + 1393, 3*p + 4*x - 700 = 0. Calculate the remainder when p is divided by 31.
15
Let r be ((-1)/2 - 84/(-24))*6. Let x be -30*(-2)/2 - r/6. Let y = x + -24. What is the remainder when 12 is divided by y?
0
Let t(h) = h**2 - 10*h - 6. Let z = 17 - 4. What is the remainder when t(z) is divided by -4 - -10 - (3 + -3)?
3
Suppose -130*t - 3*u + 80 = -128*t, 2*u - 12 = 0. What is the remainder when 685 is divided by t?
3
Suppose 0 = 9*c + 79*c - 6443 - 949. What is the remainder when c is divided by 57?
27
Suppose 700 = 10*o - 7*o + i, 920 = 4*o - 2*i. What is the remainder when o is divided by 93?
46
Suppose -s + 3*n - 2*n = -62, 2*n = -5*s + 345. Let t = -69902 - -70101. What is the remainder when t is divided by s?
65
Let p(u) = u**2 - u - 24. Let b be p(6). Let i(r) = -6*r**2 + 41*r - 13. Suppose -2*l + 35 = -65. Calculate the remainder when l is divided by i(b).
16
Calculate the remainder when 263 is divided by (4/5)/(-33 - (-1157)/35).
11
Let d be 2/8 + 645/172. Suppose 0 = -24*n + 23*n - 3*h + 32, -5*h - 128 = -d*n. Suppose -138 = -2*a + 178. Calculate the remainder when a is divided by n.
30
Let r(q) = -6*q + 49. Suppose 7 = -y + 13. Let o be r(y). Suppose -4*n = -o*n + 90. What is the remainder when 68 is divided by n?
8
Let t(m) = m**2 - 14*m - 7. Let a be (1 + -1)/(-3) - -8 - -3. Let l be t(a). Calculate the remainder when 110 is divided by 2/(-8) - 570/l.
12
Let g(l) = 17 + 4 - 7 - 2 + 2*l. Let z be g(-5). Suppose 0 = 3*u - 2*y - 80, 100 = 2*u + u + z*y. Calculate the remainder when 87 is divided by u.
27
Let v be (2 + (1 - 0))/((-7)/119). Let s = 155 + v. Calculate the remainder when s is divided by 12.
8
Suppose 17 = 5*q - 213. Let b(v) = -6*v - 3. Let a be b(-7). Let h = q - a. What is the remainder when h is divided by 1?
0
Let c = -615 - -619. Suppose 0 = 2*h + 2, -f + h + 3 = -0*f. Suppose -f*d - r + 84 = r, 0 = -4*d + c*r + 136. Calculate the remainder when d is divided by 8.
6
Suppose -62*u = -5*u + 46*u - 193537. Calculate the remainder when u is divided by 57.
55
Let h(b) = b**3 + 6*b**2 - 10*b - 5. What is the remainder when h(-7) is divided by -1 + 4*12/16?
0
Suppose -1094 = -3*v + 5*u, -9*u + 14*u - 10 = 0. Let b = v - -116. Calculate the remainder when b is divided by 81.
79
Let x = 24 - 31. Calculate the remainder when ((-6)/x)/((-2)/(-182)) is divided by 4 - (-4 + (-8)/(1/1)).
14
Suppose -r + 13 + 58 = 0. Let s(o) be the third derivative of -o**4/2 - 55*o**3/2 - o**2 - 76*o. Calculate the remainder when r is divided by s(-15).
11
Let z(h) = -3*h - 18. Let q be z(-7). Suppose 4*w = -7*p + 11*p - 100, 107 = 4*p + q*w. What is the remainder when 49 is divided by p?
23
Let i(x) = -21*x - 5*x**2 - 5 + x**3 + 21*x. Let n be i(6). Suppose -5*q = -n - 14. What is the remainder when 26 is divided by q?
8
Suppose 171*u - 63813 = -546*u. What is the remainder when 471 is divided by u?
26
Suppose 52*m - 59*m = -35. Suppose 5*k - 64 = -m*b + 9*k, -5*k = 2*b - 52. 